(c) = c - 1. Calculate d(-1).
-2
Let y(m) = -2*m**3 - 11*m**2 - 10*m - 26. Give y(-5).
-1
Let u(z) = -6*z - 2. Calculate u(0).
-2
Let y(n) = 3*n**2 - 38*n + 22. Calculate y(12).
-2
Let n(m) = m**2 - 8*m + 5. What is n(2)?
-7
Let f(s) = s**2 + 13*s + 11. Give f(-13).
11
Let q(v) = v**2 + 4*v - 21. Determine q(-8).
11
Let h(q) = -50*q**2 + 2*q + 1. Determine h(-1).
-51
Let b(v) = -7*v + 124. What is b(18)?
-2
Let r(d) = -d**2 + 2*d + 1. What is r(4)?
-7
Let n(t) = 83*t**3 - 3*t - 2. Determine n(-1).
-82
Let z(p) = -p**3 + 8*p**2 - 5*p - 4. Give z(2).
10
Let w(d) = 4*d**3 + d**2 - 4*d + 2. What is w(1)?
3
Let u(g) = -g**3 - 19*g**2 + 2. Determine u(-19).
2
Let t(l) = 2*l**3 - 3*l**2 - 9*l + 12. Determine t(1).
2
Let a(j) = -j - 17. Determine a(-12).
-5
Let v(p) = -p**3 - 14*p**2 - 16*p - 28. What is v(-13)?
11
Let r(t) = t - 1. Determine r(5).
4
Let z(c) = -7*c + 1. Determine z(0).
1
Let k(h) = -h**3 + 36*h**2 + h - 31. Calculate k(36).
5
Let y(t) = -86*t - 162. Give y(-2).
10
Let k(m) = 13*m - 77. Give k(6).
1
Let j(d) = d**3 - 13*d**2 + 20*d + 31. Determine j(11).
9
Let p(t) = -t**2 + 21*t - 27. What is p(20)?
-7
Let v(r) = -r**3 + 5*r**2 + r - 2. Calculate v(-1).
3
Let g(h) = 2*h + 88. Give g(-22).
44
Let u(l) = -l**3 - 8*l**2 + 2*l + 16. Calculate u(-8).
0
Let f(q) = -q**3 - 3*q**2 + q - 7. Determine f(-4).
5
Let b(k) = -147*k**2 - k. Calculate b(1).
-148
Let k(p) = -3*p**2 - 17*p - 5. Give k(-5).
5
Let z(t) = 3*t + 10. What is z(-6)?
-8
Let t(x) = -x + 3. Determine t(3).
0
Let l(v) = v**2 + 11*v + 28. Determine l(-8).
4
Let c(k) = 6*k + 41. Calculate c(-8).
-7
Let x(g) = -10*g + 2. Determine x(-5).
52
Let q(g) = g**2 - 19*g - 11. What is q(19)?
-11
Let u(y) = 39*y + 6. Determine u(-2).
-72
Let m(d) = -d**3 + 5*d + 3. Give m(-3).
15
Let v(i) = -i + 23. What is v(10)?
13
Let y(f) = -f + 13. Calculate y(-11).
24
Let f(s) = -s**2 - 9*s + 56. Give f(-13).
4
Let a(s) = s**2 + 29*s + 87. What is a(-26)?
9
Let f(l) = l**3 - l**2 - 2*l. Determine f(-2).
-8
Let l(m) = -m**2 + 11*m - 5. Calculate l(4).
23
Let u(v) = -14*v**2 - 2*v - 2. Calculate u(-1).
-14
Let s(m) = -m + 1. Determine s(-12).
13
Let w(b) = -7*b**2 - b - 14. What is w(0)?
-14
Let t(o) = o**2 + 30*o + 137. Give t(-5).
12
Let c(o) = -o**3 - 2*o**2 + 7*o + 6. Calculate c(-4).
10
Let t(z) = -z**2 - 7*z + 22. Determine t(-7).
22
Let n(w) = w**3 - 14*w**2 + 12*w + 12. Give n(13).
-1
Let b(z) = -2*z**2 + 16*z + 9. Determine b(8).
9
Let d(b) = -2*b + 2. Determine d(8).
-14
Let v(c) = c**3 + 3*c**2 - 3*c - 3. Calculate v(-3).
6
Let f(t) = 5*t. Calculate f(2).
10
Let r(l) = -l**3 - 4*l**2 - 6*l - 10. Calculate r(-4).
14
Let p(x) = 8*x**3 + 3*x**2 + 6*x + 8. Calculate p(-2).
-56
Let i(n) = -n**3 + 8*n**2 + n - 15. What is i(8)?
-7
Let o(g) = -2*g**2 + 9*g - 41. What is o(6)?
-59
Let r(c) = -c**2 + 12*c + 2. What is r(11)?
13
Let n(d) = -d**3 - 4*d**2 + 12*d. Calculate n(5).
-165
Let j(l) = l**3 + l**2 - l + 20. What is j(0)?
20
Let d(k) = -2*k**2 - 46*k + 60. Calculate d(-24).
12
Let k(f) = 2*f + 33. Give k(-16).
1
Let g(m) = m + 8. What is g(-5)?
3
Let a(x) = -x**2 + 5*x + 154. Give a(-9).
28
Let f(c) = c**3 - 17*c**2 - 5*c - 18. What is f(17)?
-103
Let p(c) = c**3 + 2*c**2 - 1. What is p(2)?
15
Let r(i) = -5*i**2 - 12*i - 3. Give r(-6).
-111
Let j(h) = -h**2 + 4*h + 19. Calculate j(-7).
-58
Let n(a) = 5*a - 113. Determine n(0).
-113
Let s(a) = a + 15. Give s(-16).
-1
Let l(q) = -q - 13. Give l(2).
-15
Let l(j) = -j**3 + 13*j**2 + 12*j + 17. Determine l(14).
-11
Let h(f) = -f**3 - 14*f**2 + 9*f - 29. Calculate h(-15).
61
Let x(k) = 7*k + 6. Determine x(-8).
-50
Let q(u) = 10*u - 81. What is q(9)?
9
Let k(v) = 2*v + 17. Calculate k(-4).
9
Let i(r) = r**3 - 2*r**2 - 14*r + 31. Calculate i(2).
3
Let k(z) = -z**3 + 15*z**2 + 17*z - 10. What is k(16)?
6
Let r(s) = s**3 - 5*s**2 + 6*s - 9. Determine r(3).
-9
Let z(g) = -g**3 + 10*g**2 - 5*g - 39. What is z(9)?
-3
Let p(r) = -23*r - 67. What is p(-3)?
2
Let c(f) = -f**3 + 2*f + 24. Calculate c(0).
24
Let g(x) = -2*x**2 - 2*x - 8. Calculate g(4).
-48
Let i(h) = -h**2 + 7*h + 10. What is i(11)?
-34
Let y(c) = 10*c**3 + 4*c**2 - 13*c + 5. Calculate y(2).
75
Let y(c) = c**2 + 10*c + 27. Give y(-9).
18
Let a(p) = p**3 + 10*p**2. Calculate a(-10).
0
Let a(r) = 4*r + 5. Determine a(-6).
-19
Let p(f) = f**3 + f**2 - 2*f - 6. Calculate p(0).
-6
Let b(l) = -14*l + 98. What is b(6)?
14
Let n(c) = -c**2 + 4*c + 35. Give n(8).
3
Let t(p) = -25*p - 74. Give t(-3).
1
Let j(d) = -4*d**3 + 7*d**2 + 5. Give j(3).
-40
Let v(c) = -c**2 + 7*c + 3. Calculate v(8).
-5
Let n(u) = u**3 + 7*u**2 - 2*u - 10. What is n(-7)?
4
Let r(s) = -s**2 - 3*s + 4. What is r(4)?
-24
Let i(j) = -j**3 + j + 1. Give i(-1).
1
Let t(r) = -18*r + 18. Determine t(3).
-36
Let u(x) = x**2 - 13*x + 5. Give u(8).
-35
Let o(a) = -a**3 - 11*a**2 - 25*a - 58. What is o(-9)?
5
Let g(v) = -v**2 + v + 23. What is g(0)?
23
Let v(a) = -a**3 - 17*a**2 + 16*a - 29. Determine v(-18).
7
Let d(c) = -c**3 + 3*c + 1. Give d(-4).
53
Let l(r) = -12*r + 14. Give l(8).
-82
Let c(a) = -31*a + 135. What is c(4)?
11
Let l(d) = -9*d**2 - d + 2. Give l(-2).
-32
Let w(d) = 26*d + 10. Determine w(-2).
-42
Let p(w) = 7*w + 2. Give p(-5).
-33
Let x(s) = -5*s + 175. Determine x(37).
-10
Let l(y) = -y**2 + 14*y + 19. Give l(10).
59
Let u(o) = -o**2 - 11*o - 22. Give u(-11).
-22
Let c(t) = 448*t + 1791. Give c(-4).
-1
Let c(m) = 4*m + 99. Give c(-25).
-1
Let h(g) = g**2 - 2*g - 7. What is h(6)?
17
Let j(n) = -15*n - 94. What is j(-6)?
-4
Let t(h) = -h**2 - 6*h + 1. Determine t(-5).
6
Let v(n) = n + 7. What is v(-7)?
0
Let v(t) = 43*t**3 - t**2. Calculate v(1).
42
Let a(i) = -i - 12. What is a(-5)?
-7
Let b(y) = y**2 - 16*y + 28. What is b(13)?
-11
Let d(t) = -t**3 + 13*t**2 - t - 24. Give d(13).
-37
Let i(w) = w**2 + 21*w + 106. Determine i(-11).
-4
Let u(o) = -o**2 - 14*o - 11. What is u(-5)?
34
Let o(z) = -2*z + 2. Calculate o(4).
-6
Let s(k) = 3*k**3 - 24*k**2 + 48*k - 16. What is s(5)?
-1
Let h(c) = 146*c + 162. What is h(-1)?
16
Let v(f) = -6*f. What is v(-2)?
12
Let o(u) = -u + 3. Determine o(-18).
21
Let h(o) = 2*o**2 - 6*o - 5. What is h(-5)?
75
Let c(b) = b - 1. What is c(-6)?
-7
Let d(z) = -12*z**2 + 4*z - 5. What is d(1)?
-13
Let t(v) = v**3 - 14*v**2 + 3*v - 27. Determine t(14).
15
Let z(q) = q**3 + 5*q**2 + 6*q - 11. Give z(-6).
-83
Let g(j) = -4*j - 11. Calculate g(5).
-31
Let t(z) = -6*z**3 - 4*z**2 + z + 1. Calculate t(-3).
124
Let j(o) = o + 4. Calculate j(11).
15
Let o(d) = 2*d**2 + 27*d - 18. Determine o(-14).
-4
Let z(h) = h**3 + 9*h**2 + 16*h - 20. Calculate z(-4).
-4
Let c(t) = -t**3 - t**2 + 4*t + 7. What is c(-2)?
3
Let p(j) = j + 5. Give p(-4).
1
Let w(c) = 6*c + 14. What is w(6)?
50
Let c(d) = 33*d - 284. Calculate c(9).
13
Let o(i) = i**2 + 10*i - 3. Determine o(-8).
-19
Let r(p) = 12*p - 97. Give r(7).
-13
Let v(m) = -183*m + 375. Determine v(2).
9
Let r(v) = -v**3 - 10*v**2 + 11*v + 14. Give r(-11).
14
Let n(s) = -6*s + 8. What is n(-4)?
32
Let d(g) = 11*g**2 - 66*g + 12. What is d(6)?
12
Let i(v) = 6*v**3 - v**2 - 3*v - 3. Give i(-1).
-7
Let j(m) = m**3 - 5*m**2 - 52*m + 15. Give j(10).
-5
Let o(l) = l**3 - 18*l**2 - 20*l + 8. Determine o(19).
-11
Let r(n) = -n - 12. Give r(-4).
-8
Let o(t) = t**3 + 5*t**2 - 24*t + 7. Give o(-8).
7
Let x(y) = 2*y**3 + 2*y**2 - y + 4. Determine x(-3).
-29
Let k(p) = -8*p - 60. What is k(-8)?
4
Let w(n) = -n - 6. What is w(-2)?
-4
Let j(r) = 5*r + 1. Determine j(5).
26
Let x(z) = z**3 - 15*z**2 + 27*z - 7. Calculate x(13).
6
Let s(g) = -4*g - 338. What is s(-85)?
2
Let x(b) = b**2 + 7*b + 7. What is x(-6)?
1
Let t(p) = -p**2 + p + 44. Give t(0).
44
Let i(v) = -v + 11. Calculate i(15).
-4
Let w(c) = -17*c**3 - 2*c**2 + 3*c + 5. Determine w(-1).
17
Let b(q) = -q**2 + 12*q + 2. Calculate b(7).
37
Let c(o) = o - 21. Determine c(14).
-7
Let p(o) = 11*o - 6. Determine p(5).
49
Let o(h) = -3*h**2 - 41*h - 2. Determine o(-14).
-16
Let r(g) = -2*g + 44. Give r(14).
16
Let b(l) = 3*l - 15. What is b(5)?
0
Let q(b) = -b**2 - 17*b + 19. What is q(-18)?
1
Let h(p) = 48*p - 2020. Give h(42).
-4
Let o(a) = -a**3 + 4*a**2 - 9. Calculate o(3).
0
Let f(x) = x**2 - 13*x + 45. Determine f(6).
3
Let f(h) = h**3 + 7*h**2 + 2*h + 17. What is f(-7)?
3
Let f(t) = -t**3 - 9*t**2 + 26*t + 21. G